3. Let c(f) = -f + 4 + 6 + l. List the prime factors of c(-10).
2, 11
Suppose 153*t - 158*t + 2005 = 0. What are the prime factors of t?
401
Suppose -29*s = -7080 - 1881. What are the prime factors of s?
3, 103
Let x = -636 + 970. What are the prime factors of x?
2, 167
Let g(z) = -14*z**2 + z - 5. Let o(p) = 13*p**2 + 6. Let n(c) = -4*g(c) - 3*o(c). List the prime factors of n(-3).
167
Let l = 1101 - 764. What are the prime factors of l?
337
Suppose 5*z - k = k + 201, 129 = 3*z + 3*k. Let d = 119 - z. What are the prime factors of d?
2, 3, 13
Suppose 3*w = 10 + 2. Suppose 0 = -5*t, 3*b - t = t. Suppose b = 2*o + w*a + a - 57, 5*a = -3*o + 93. List the prime factors of o.
2, 3
Suppose -2*w + 849 = -c, -3*c + 6*c = -2*w + 861. What are the prime factors of w?
2, 3, 71
Let h = 17 - 31. Let t(u) = -3*u**3 + 15*u**2 + 12*u + 25. Let g(i) = -4*i**3 + 15*i**2 + 11*i + 26. Let q(b) = 4*g(b) - 5*t(b). List the prime factors of q(h).
7
Suppose 4*k + 3*d = 8867, -5*d - 15471 = -7*k - d. What are the prime factors of k?
2213
Let g = 4 + -1. Suppose k = -g*s + 8, -10 = -6*s + s. What are the prime factors of (6 - -17)/(2/k)?
23
Let o(r) = 5*r**2 + 3*r + 408. What are the prime factors of o(0)?
2, 3, 17
Let x(k) = k**3 - 9*k**2 + 10*k + 4. Let r be x(8). Suppose -9*y = -5*y - r. List the prime factors of y.
5
Suppose 0 = 4*l - 6 - 2. Suppose 2*j - 132 = -31*j. Suppose -o = j*o - 5*r - 145, 0 = 2*r + l. What are the prime factors of o?
2, 7
Suppose 0 = 5*m + 5*d - d - 6754, 2702 = 2*m + 2*d. Suppose -38*b - m = -43*b. List the prime factors of b.
2, 3, 5
Suppose -l - 3*v - 13 = -3*l, -v = 2*l - 1. What are the prime factors of l?
2
Suppose -c = -97 + 10. Let l = -15 + c. What are the prime factors of l?
2, 3
Suppose 59*d - 28727 - 189101 = 0. What are the prime factors of d?
2, 13, 71
Suppose -2*f = -0*f - 5*v, 0 = -5*f + v + 23. Suppose f*n = 124 - 24. What are the prime factors of n?
2, 5
Suppose 3*g - 256 = 4292. What are the prime factors of g?
2, 379
Suppose -l + 2*v + 10 = 0, 2*l + 50 = 7*l + 2*v. Let u(z) = -6*z + 25. Let b be u(l). Let i = b + 55. What are the prime factors of i?
2, 5
Let t = 2866 + -1940. What are the prime factors of t?
2, 463
Let c(o) = 18*o**2 + 8*o + 16 - 3*o**2 - 6*o**2 - 10*o**2 + 8*o. Let f = 15 + -8. What are the prime factors of c(f)?
79
Suppose 4 = 3*y + 2*m, 5*m - 4 + 1 = -4*y. Suppose b + 3*x - 4*x - 45 = 0, y*x + 178 = 4*b. What are the prime factors of b?
2, 11
Suppose -1 = y - 4. Suppose -b = -4*b + 4*j + 235, 3*j = -y. What are the prime factors of b?
7, 11
Let g(a) be the third derivative of 7*a**4/8 + 7*a**3/6 + 3*a**2. What are the prime factors of g(3)?
2, 5, 7
Suppose 6*d = -2*d + 24. Suppose -d*y - a + 423 = 0, 0*y + 5*a + 545 = 4*y. What are the prime factors of y?
2, 5, 7
Let j be 1*-1*2 - 0. Let f be (-6)/2 + (4 - (-10)/5). List the prime factors of (j + f)*26/2.
13
Let x be (4 + -2)*((-11445)/(-6))/7. Suppose 3*d - x - 217 = 0. List the prime factors of d.
2, 127
Let v(z) = -20*z**3 - 2*z**2 + z + 7. What are the prime factors of v(-3)?
2, 263
Suppose -4*p + 35 = -3*r - 7, 32 = 4*p + 2*r. Suppose -269 - 874 = -p*y. What are the prime factors of y?
127
Let r(f) = -f + 1. Let y be r(-1). Suppose 2*w = 4*u - 24, 2*u - 2*w - 6 = y*w. Suppose -c + u = 1. List the prime factors of c.
2, 3
Suppose 4*r - 70 = -3*r. Let o(f) = 12*f + 4. List the prime factors of o(r).
2, 31
Let s(v) = -2*v**3 - 31*v**2 - 108*v + 14. List the prime factors of s(-17).
11, 13, 19
Let d = 4 - -5. Suppose -11*f + 46 = -d*f. What are the prime factors of f?
23
Let b be 2*(410/(-4))/5. Let k = b - -132. Suppose 0 = v + 4*f - 14, 3*v - f - k = -2*v. What are the prime factors of v?
2, 3
Let y be (4 + 35)*-1*(3 - 2). Let n = y - -83. List the prime factors of n.
2, 11
Let p be (0 - 4/(-10))*(393 + 2). Suppose 576 - p = 11*u. List the prime factors of u.
2, 19
Let l = -15 - -17. What are the prime factors of l + (-275)/(-4 + -1)?
3, 19
Let t(o) = -3*o**3 - 3*o**2 + 10*o + 7. Let d(g) = 13*g**3 + 12*g**2 - 41*g - 29. Let j(z) = 2*d(z) + 9*t(z). List the prime factors of j(-7).
5, 29
Let g = 45 - 28. Let y be (6/4 - 0)*-2. Let r = g + y. What are the prime factors of r?
2, 7
What are the prime factors of (-1977)/(-6)*(-1 + -5 + 8)?
659
Let g(l) = l**3 - 6*l**2 - 7*l + 2. Let j be g(7). Suppose 3*m + 6 = j*q, q - m - 3 = -0*q. Suppose -r + 178 = 5*s, r + 0 = q. List the prime factors of s.
5, 7
Let g(q) = q**2 + 20*q - 13. Let n be 340/(-25) + (-2)/5. Let r be g(n). Let w = 142 + r. What are the prime factors of w?
3, 5
Suppose -4*h - 13 = r, 0 = 4*r + h + h - 4. Suppose -r*d + 27 = 9. Let i = 25 - d. List the prime factors of i.
19
Let v(n) = 76*n + 1038. List the prime factors of v(6).
2, 3, 83
Let m(x) = 4*x**2 - 15*x + 24. Let b = 78 + -70. What are the prime factors of m(b)?
2, 5
Suppose 989 = -3*o + 5*c + 3120, -4*c = 2*o - 1450. What are the prime factors of o?
3, 239
Suppose 0 = -2*l - 3*l - z - 28, 2*l - 2 = 4*z. Let p(g) = -g**2 - 13*g - 4. Let w be p(l). List the prime factors of ((-8)/(-3))/(3/w).
2
Suppose 0 = 77*c - 91*c + 79058. What are the prime factors of c?
5647
Let h be 197 + -1 + (-1 - (1 - 1)). Let u = h - 96. What are the prime factors of u?
3, 11
Suppose 145 = -h - v, 0*h + v = 4*h + 580. What are the prime factors of (108/30)/((-2)/h)?
3, 29
Let g be (-622)/(-6) - (-22)/(-33). Let a = g + -24. Suppose 0*d = 2*o - d - 122, -5*d - a = -o. What are the prime factors of o?
59
Suppose 2 = -j, -4*l + 2*j + 48 = -2*j. Suppose -8*x + l = -3*x. Suppose x*f + 0*f = -8, 5*v = -2*f + 57. List the prime factors of v.
13
Let v = 34 + -32. Suppose 0*z - 3*z - v*u = -56, -z - 3*u = -28. What are the prime factors of z?
2
Let j(k) = -k**3 - 12*k**2 - 9*k + 17. Let q be j(-11). List the prime factors of (19/6 - q/(-30)) + 210.
3, 71
Suppose t = -3, -5*r = 4*t - 5 - 28. Suppose 105 = 4*q + r. Suppose q = 4*f - 140. List the prime factors of f.
41
Let y = -3954 + 5548. List the prime factors of y.
2, 797
What are the prime factors of (30044/(-580))/((-1)/5)?
7, 37
Suppose 8*r = 6*r + 702. What are the prime factors of r?
3, 13
Let c(h) = 68*h**2 + 2*h + 10. List the prime factors of c(-3).
2, 7, 11
Let w(z) = 3*z**2 + 83*z + 14. Suppose 108 = -5*s - 47. List the prime factors of w(s).
2, 3
Suppose 93*j - 77274 = -4455. What are the prime factors of j?
3, 29
Let c(q) be the first derivative of 43*q**2/2 + 17*q + 54. List the prime factors of c(6).
5, 11
Let s be (-5)/20 + (-1)/(-4). Suppose 5*w + 0*w - 315 = s. List the prime factors of w.
3, 7
Suppose -87*n + 99*n - 4668 = 0. List the prime factors of n.
389
Suppose 4*h - 4*k = -2637 + 11933, h - 2308 = -3*k. What are the prime factors of h?
2, 5, 29
Let f be (2/6)/(2/18). Suppose 12 = 3*u, 2*o + 0*u - 156 = f*u. List the prime factors of o.
2, 3, 7
Let l(w) = 2*w**2 + 4*w + 2. Let n be l(-4). Suppose 3*b = -5*t + 90, 0*t - 5*b + n = t. What are the prime factors of t?
2, 3
List the prime factors of (-3 + 50 - 7)*8.
2, 5
Let h(o) = o**2 + 23*o + 76. What are the prime factors of h(-31)?
2, 3
List the prime factors of (1/(1/12))/((-6)/(-1974)).
2, 3, 7, 47
Suppose d - 2*l = -5*l + 384, -4*l + 1528 = 4*d. List the prime factors of d.
3, 127
Let l(m) = m + 17. Let p be l(-14). Suppose -5*s = 3*o - 0*s - 496, p*o + s - 500 = 0. What are the prime factors of o?
167
Let y(p) = -2*p**3 - 19*p**2 - 5*p + 18. Let g(o) = -3*o**3 - 20*o**2 - 5*o + 18. Let n(w) = 3*g(w) - 4*y(w). What are the prime factors of n(16)?
2, 31
Suppose 3*i - 2*n = 193, n = -2*i - 2*i + 272. What are the prime factors of i - (-1)/1*3?
2, 5, 7
Let u(g) = -4*g + 11. Let q(c) = -c + 4. Let s(j) = -7*q(j) + 2*u(j). Let h be s(5). Let b = 17 - h. List the prime factors of b.
2, 7
Let k = 1601 - -2290. List the prime factors of k.
3, 1297
Let a be ((-7)/(-2))/(-7)*0. Let u = a + 0. Let h(z) = z + 9. What are the prime factors of h(u)?
3
Let b(p) = 18*p**2 - 78*p - 52. List the prime factors of b(15).
2, 7, 101
Suppose 27 = -9*d + 12*d. Let u(g) = g**2 - 6*g - 18. List the prime factors of u(d).
3
List the prime factors of -40*(1 + -2) - 2*-2.
2, 11
Let b(r) = -r**3 + 5*r**2 - 52*r + 14. What are the prime factors of b(-10)?
2, 3, 113
Let h(i) = -2*i**3 - 7*i**2 - 6*i. Suppose 0 = -d + 2 - 3, 3*d = -3*a - 18. What are the prim